61, 3*f - 8*f + 148 = u*o. Let w = o - 5. What is the tens digit of w?
3
Let h be 10*-133 - (-1 + 0 - -2). Let d = 1989 + h. What is the tens digit of d?
5
Let d be (4 - 1)*400/12. Suppose 15 + 37 = 4*u. Let w = d - u. What is the units digit of w?
7
Let s(r) be the third derivative of 193*r**4/24 + 145*r**3/3 - r**2 - 46*r. What is the tens digit of s(4)?
6
Let s be 14/(-56) - 1/((-4)/13). Suppose -s*u - 720 = -4*t + u, -u + 715 = 4*t. What is the tens digit of t?
7
Suppose 5*j - 1542 = -l - 189, -3*l - 531 = -2*j. Suppose -1026 = -8*c + j. What is the tens digit of c?
6
Suppose 15861 = -3*j + 25447 + 37823. What is the tens digit of j?
0
Let u = 39 + -117. Let q = u - -81. Suppose -k + q*m + 88 = 0, 0 = -5*k - m + 733 - 245. What is the units digit of k?
7
Suppose 3*o + 730 + 473 = 0. Let g = o - -820. What is the hundreds digit of g?
4
Suppose -5*j + 3*b + 621 = 0, 0 = -3*j - b + 6*b + 363. Suppose 0 = 4*g - g + j. Let k = 96 + g. What is the tens digit of k?
5
Let q(z) = -z**3 + 5*z**2 - 7*z + 4. Let p be q(2). Suppose -c = 2*a - p*c - 1878, 4*c = -16. What is the tens digit of a?
3
Suppose -2*s + 6 = -300. Suppose 163*d - 11270 = s*d. What is the thousands digit of d?
1
Suppose -c + 3*u + 507 = 0, 2*u = -0*c - 5*c + 2518. Let j = -172 + c. What is the hundreds digit of j?
3
Suppose 2*g = -r - 136, 8*r + 516 = 4*r - g. Let l = 6 - r. What is the units digit of l?
4
Let t = 4658 - 803. What is the hundreds digit of t?
8
Let w(g) = 5*g - 1. Let s(o) = o. Let k(j) = 6*s(j) - w(j). Let v(h) = -56*h + 2. Let z(y) = 3*k(y) + v(y). What is the units digit of z(-1)?
8
Let o be -2*50*(-2)/8. Suppose -o = -11*i + 6*i. Suppose 0*m = 4*v - m - 350, -5*v + i*m = -430. What is the units digit of v?
8
Let l = 73 + -65. Let k(t) = 2*t**2 - 16*t + 4. Let y be k(l). Suppose 3*x - 14 = i - 6*i, 0 = 2*i + y. What is the units digit of x?
8
Suppose -22 = -97*m + 96*m. Let p = 26 - m. Suppose 3*i - i + p*d - 338 = 0, -2*d = -2*i + 332. What is the units digit of i?
7
Suppose -g - 79556 = -3*v, 3*g + 2130 - 55182 = -2*v. What is the units digit of v?
0
Let f(s) be the second derivative of -3*s**3 + 40*s**2 - 60*s. What is the units digit of f(-21)?
8
Let s(i) = -19*i**2 - 10*i - 1. Let b(y) = -18*y**2 - 9*y - 1. Let v(n) = -7*b(n) + 6*s(n). Suppose 0 = -100*d + 92*d - 16. What is the tens digit of v(d)?
4
Let w = 20712 + -6225. What is the ten thousands digit of w?
1
Let j = 299 - 293. Suppose -j*f - 874 = -3874. What is the units digit of f?
0
Let s = 59 - 54. Suppose s*q - 2*c = -0*c + 13, -2*q + 2*c = -10. Suppose -4*x = 5*a - 360, 4*a - 89 = -x + q. What is the units digit of x?
0
Suppose 4*z + 16 = 0, 3*q - 4*z - 56 = -q. Let k(u) be the third derivative of u**5/30 - 7*u**4/24 + 10*u**3/3 + 46*u**2. What is the units digit of k(q)?
0
Let a = 2306 - 184. Let o = -1353 + a. What is the hundreds digit of o?
7
Let g = 42 + -38. Suppose 3*l = -6, -g*l + 265 = -d + 989. What is the tens digit of d?
1
Let f(l) be the first derivative of -l**4/4 - 9*l**3 - 41*l**2/2 + 17*l + 63. What is the hundreds digit of f(-26)?
4
Suppose b - 3 = o + 3*b, -4*b - 11 = o. Suppose k + o = q, 0 = -5*q + 2*k + 1 + 24. Suppose 3*v = -2*j + 151, 4*j + q*v - 31 = 276. What is the tens digit of j?
8
Suppose -57*q + 243950 = -23*q. What is the tens digit of q?
7
Let c be 1*9*(-1 + 12/18). Let l(f) = 3*f**2 - 6*f - 2*f**2 - 5 - 2*f**2 - 4*f**3. What is the units digit of l(c)?
2
Let v(a) = -31*a**2 - 7*a + 6. Let j be v(2). Let c = j - -139. What is the units digit of c?
7
Suppose -4*p - 14 = -5*p + 3*t, -5*t - 16 = -p. What is the hundreds digit of (-1)/5 + p/(110/2292)?
2
Let h be 142/(-6) + 20/30 - -1. Let x(k) = k**2 - 49. What is the tens digit of x(h)?
3
Suppose -3*n - 3109 = -8*n - 3*x, -4*n + 2482 = 5*x. Let k = n - -46. What is the hundreds digit of k?
6
Let o(r) be the third derivative of -3 + 14*r**2 - r**3 - 87/8*r**4 + 0*r. What is the hundreds digit of o(-1)?
2
Let z be -1*9*(-63 - 9). Let s = -239 + z. What is the hundreds digit of s?
4
Suppose 0 = -5*u + 15, -4*v = u - 6*u - 1. Suppose 4*p + 854 = 3*l + 6*p, 5*p = v*l - 1154. What is the tens digit of l?
8
Let r(p) be the first derivative of p**3/3 - 11*p**2/2 + 17*p - 399. Let o be (0 - 4/(-10))*35. What is the tens digit of r(o)?
5
Let p(z) = -7*z**3 + 4*z**2 - 11*z - 10. Suppose 8*i - 125 = 33*i. What is the tens digit of p(i)?
2
Suppose -5*s - 3800 = 5*k, -s + 5*s + 2275 = -3*k. Let z = k + 1395. What is the hundreds digit of z?
6
What is the hundreds digit of (88396/(-7))/(-14)*315/14?
2
Let r be -1 + -9 - (0 - 1). Let u(b) = b**2 - b + 1. Let v(g) = 3*g**2 - 17*g + 8. Let t(a) = 5*u(a) - v(a). What is the tens digit of t(r)?
5
Suppose 19*p - 16*p - 50328 = 0. Suppose 21*o = -1236 + p. What is the hundreds digit of o?
7
Let n(a) = -2089*a + 16. Let i be n(-2). Suppose 0 = -119*o + 122*o - i. What is the tens digit of o?
9
Let t(d) = -5*d + 20. Let z be t(4). Suppose -4*r = -5*l + 564, l - 132 = -z*l - 4*r. Suppose -4*a = 3*p - l, 37 = 2*p - p + a. What is the tens digit of p?
3
Let b be -1 + 3/(3/8). Suppose b*y = 10*y. Suppose -5*i + 35 + 15 = y. What is the tens digit of i?
1
Suppose -4*j + 48*c = 47*c - 72818, j - 18200 = -2*c. What is the thousands digit of j?
8
Let t be (8/(-16))/(-1 - 9/(-10)). Suppose 0 = -t*y + 4*y + 44. Let m = 48 + y. What is the tens digit of m?
9
Suppose 0 = 425*y - 419*y - 41628. What is the hundreds digit of y?
9
Let u be ((-5)/3)/((-45)/54). Suppose u*f = f + 2. What is the tens digit of (-1492)/(-22) - (120/(-55) + f)?
6
Let x be (7 + -5)*3411/6. Suppose -5*v + 1902 = 2*t, -30*v + 27*v + 3*t + x = 0. What is the units digit of v?
0
Let n(g) = g**3 + 9*g**2 - 10*g + 10. Let v be n(-10). Suppose v = 2*p + 10. Suppose 2*z = 4, 5*h + 0*z + 3*z - 1146 = p. What is the units digit of h?
8
Let k be (245/14)/(1/(-2)). What is the hundreds digit of 6/15 + (-20461)/k?
5
Suppose -b + 3*a = 4*a + 3, -4*a = 3*b + 14. Suppose -c = -2*g - 611, b*c - 3*g - 1365 + 143 = 0. What is the hundreds digit of c?
6
Suppose 0 = -5*u + 2*d + 157169, -5*d = -465*u + 468*u - 94258. What is the ten thousands digit of u?
3
Let m(i) be the first derivative of -i**3/3 - 7*i**2/2 - 3*i + 24. Let x be m(-6). Suppose 5*c = -3*o + 58 + 379, x*o + 3 = 0. What is the tens digit of c?
8
Let n(t) = 2015*t**2 - 40*t + 43. What is the thousands digit of n(1)?
2
Let d be 591/7 + (-33)/77. Let r = -49 + d. Suppose 0 = 3*s - r - 175. What is the units digit of s?
0
Let v be (-10)/(-8) + 81/108. Suppose -w + 2*s = -264, 2*w - 22 = -v*s + 482. What is the hundreds digit of w?
2
Suppose 4*y = -2*k + 196, 0 = k + 5*y - 7*y - 86. Let p be 1/(-4) - (-637)/4. Let j = p - k. What is the tens digit of j?
6
Let f = -253 - -255. What is the tens digit of 386 - (6 + -2 - f)?
8
Suppose 21*i - l = 25*i - 24719, 2*i - 5*l - 12343 = 0. What is the thousands digit of i?
6
Suppose y = -3*y - 5*g + 68, -4*y = -g - 44. Suppose -4*m + y = 3*v - 700, -3*v = 5*m - 707. Suppose -3*n = n - v. What is the units digit of n?
1
Suppose 351*x - 12 = 348*x. What is the tens digit of (2/x)/((-6)/(-8124))?
7
Suppose 2*f - 6160 = -5*j + 55911, 4*j + f = 49661. What is the units digit of j?
7
Let u be (4 - (-80)/(-15))*-687. Suppose 5*c = -3*m + u, 2*m + 2*m + c = 1227. What is the tens digit of m?
0
Let c be (3/9)/((-3)/(-36)). Suppose -3*d + 2 = -d, 0 = -5*l + c*d + 106. Let r = l + 50. What is the tens digit of r?
7
Suppose n - 5 = -4*n, 0 = -j + 2*n. Suppose -j*r + 3*r - 171 = 0. Suppose -3*y = 9 - r. What is the units digit of y?
4
Let i = -41 - -50. Suppose -22000 = i*f - 29*f. What is the units digit of f?
0
Let s(t) = -2*t**3 - 18*t**2 - 21*t - 44. Let z be s(-8). What is the hundreds digit of (-50)/80*-2708 + 2/z?
6
Suppose 0 = -5*y + 99 + 1. Suppose -5*l = g - 2*g - 74, 0 = -l - 5*g + y. Suppose -17*o = -l*o - 264. What is the units digit of o?
2
Suppose 0 = 4*c - 5*c - 1193. Let r = c - -1703. What is the units digit of r?
0
Let i = 46545 - 22097. What is the hundreds digit of i?
4
Suppose -6*d + 9*l = 11*l - 3020, -d - 4*l + 485 = 0. What is the hundreds digit of d?
5
What is the ten thousands digit of (2 - 14)*(-11266)/(-8)*-1?
1
Let r(o) = -o**3 + 3*o**2 - 2*o + 11. Let l be (-8)/(-2) + 0/(-1). Let g be r(l). What is the hundreds digit of (-1848)